 + -3)?
-8
Calculate 9 - -1 - (1 - (3 - -18)).
30
1 + 0 + 2 + (6 - 10)
-1
What is 44 + -25 + 5 + -27?
-3
What is the value of 8 + -12 - (4 - -5)?
-13
5 + -10 + 8 + 6 + -2 + -5
2
(-9 - -5 - 1) + (-25 - -22) + -8
-16
What is 16 + 1 - (436 + -412)?
-7
-1 - (14 + 1) - (279 - 278)
-17
What is the value of 2 - 11 - -19 - 15?
-5
What is the value of (-3 - 0) + (252 - 252)?
-3
Evaluate -16 + -6 + 27 + 21.
26
Calculate 6 + (2 - 2) + -1 + 77 + -68.
14
-5 - (-21 - (15 + -8 + -10))
13
Calculate 9 + -5 + 28 + -26.
6
Evaluate -6 + -2 + 5 + -1 + 10 - 4.
2
-12 - (3 - 6 - 8 - 0)
-1
Calculate (-10 + -5 - -6) + -3 + 28 + -1.
15
Calculate 11 - (-5 + (51 - 29)).
-6
What is 2 + 16 + -1 + (40 - 48) + 0?
9
Calculate 5 - -3 - ((-9 - -8) + (0 - -1)).
8
Evaluate (8 - 14) + (7 - -2).
3
What is -18 + 6 - -18 - -4 - -7?
17
Evaluate 12 + (6 - (1 - 0 - -9)).
8
-22 - 1 - (132 + -136) - (6 - -2)
-27
Calculate 0 - (7 - 4 - 16 - -6).
7
What is the value of 1 - 4 - (-11 - (-9 - -7))?
6
Calculate -7 + 9 + 10 + (-6 - 0) + -2.
4
What is the value of 3 + -45 - -10 - (-10 - -12 - 7)?
-27
Evaluate -1 + -32 + 15 + 4 - 9.
-23
Evaluate (4 + -3 - 15) + 7 + -2.
-9
Calculate -1 + -9 + -2 + 0.
-12
-12 - (-32 + -43 - -36)
27
0 - (0 - -2 - 1 - (-46 - -43))
-4
Evaluate 5 - 3 - (-8 + -3 + 1 + 5).
7
What is -3 + (-2 + 9 - 11 - -5)?
-2
Evaluate 0 + (0 - -8) - (-475 + 486).
-3
What is (-7 - 4) + (11 - -14) + 16?
30
5 + (-10 + 12 + -14 - -6)
-1
What is (41 - (-36 + 42)) + -1?
34
21 - (15 + -11 + 6)
11
Calculate -17 - (-41 - (-16 + 1)).
9
Evaluate (-9 - (11 - -2)) + 1 + 6.
-15
0 + 14 - (7 + (7 - 8)) - -5
13
8 - (-7 - (4 + 4 + -16))
7
Calculate -7 + 6 + 10 - (0 - -18).
-9
What is -4 - (-17 - 19 - -19)?
13
What is the value of -31 - -20 - -13 - 20?
-18
What is -9 + 38 + -16 + 0?
13
What is the value of (-1 - 4 - (-15 + (12 - 15))) + 1?
14
Evaluate (8 + 0 - -2) + -6 - 6 - -6.
4
What is the value of 63 + (5 - 45) - 15?
8
(60 - 34) + 13 - 10
29
Evaluate -29 + -6 + (8 - 5) + (-40 - -43).
-29
What is -7 + -2 + 2 - (-18 + 0 + 11)?
0
Evaluate -18 + -2 + 17 + (1 - (12 - -1)).
-15
Calculate -4 + (4 - 0 - (22 + -8)).
-14
Evaluate (2 - 0) + -4 + -16 + 22.
4
(-2 - -1) + 5 - (-68 + 36 - -27)
9
-11 + (55 - (13 - -17))
14
What is the value of -29 - (-2 - (30 + -13))?
-10
What is -31 + 0 + 9 + 12 - -8?
-2
Evaluate 4 + 17 + -12 + -7 - -16.
18
What is -2 - 0 - (-28 - -7 - -10 - -8)?
1
Calculate -51 + 32 - (9 + -11).
-17
What is -32 + 22 + (-17 - -8)?
-19
Evaluate 19 - (59 + -12 + -3).
-25
What is 31 + (-26 - 14) + -14?
-23
Evaluate -27 + 4 + -4 - -1 - (5 - 9).
-22
What is (-14 - (4 + -2)) + 35 + (-8 - -2)?
13
8 + 2 + -1 + -23 + 11
-3
What is 32 + (-17 - -22) + -16?
21
What is -16 - (-1 - 9) - 2?
-8
What is the value of (1 + -3 - 7) + 23 - 9?
5
Calculate -1 + 18 + -478 + 479.
18
What is -6 + (14 + -18 - (1 - 5)) + 5?
-1
24 + (-9 - (11 + -1 + -10))
15
What is (23 - 32) + 1 + -7 + 11 + -16?
-20
12 + (-22 - (19 + 4 + -19))
-14
Evaluate 26 + -49 + (-4 - -5).
-22
What is the value of (45 - 26) + (-19 - 3) + 10?
7
What is 3 + 1 - -17 - (-169 + 182)?
8
(23 - (3 - -22 - 18)) + -42
-26
What is the value of 11 + -10 + 16 + -19?
-2
What is the value of -7 - (-22 + 9 + 47) - (-1 + 0)?
-40
Calculate 20 - (-17 + 4) - 24.
9
(9 - 4) + (4 - 19)
-10
What is the value of -37 + -26 + (-20 - -92)?
9
Evaluate 1 + -3 + 4 + -9 - (-11 - -32).
-28
Evaluate 26 + -63 + 33 + -13.
-17
What is the value of (-9 - (-34 + -8)) + -19 + 6?
20
What is -8 - (-15 + 10) - 10 - -7?
-6
-9 + (-19 - (-44 - -21))
-5
Calculate (-2 - (-4 + 2)) + -146 + 154.
8
What is the value of (15 - (-2 + -3)) + -178 + 130?
-28
Evaluate (11 + -17 - -15) + -4 - (0 - -13).
-8
Calculate -19 + 8 - -1 - -17.
7
What is the value of 3 + (-7 + 2 - -10)?
8
What is -5 - (18 - -6 - 4)?
-25
Evaluate 37 - 50 - (-49 - (5 + -12)).
29
What is the value of (-25 - 0) + (506 - 486)?
-5
What is the value of 5 + (16 - 5 - 18) + -2?
-4
What is (2 - (3 - 3)) + (-10 - -24) + -39?
-23
Evaluate -2 - (-12 + (11 - 11) + 44).
-34
74 + -66 - (12 - 11 - (22 - -1))
30
5 + (4 - 1) + -4 - 8
-4
Evaluate 5 + (1 - (13 - 1 - 4)).
-2
What is (3 - -13) + (4 - 41)?
-21
Evaluate (4 - (0 + -2) - (5 - 2)) + -8.
-5
Calculate -7 - -10 - (-2 + -2 + 6 - -5).
-4
Calculate (2 + 0 - (26 + -25)) + -3 - 1.
-3
Calculate (3 - 8) + -2 + 5 - -5 - -5.
8
What is the value of (-20 - -28) + 5 + -4?
9
Evaluate -12 + (-4 + 34 - -2).
20
-3 - ((0 - (-1 + 8)) + 17 - -3)
-16
Calculate 4 + 2 + (13 - 6) + -11.
2
What is (-11 + 20 - 32) + 2?
-21
Evaluate (-62 - -68) + (-1 - -6).
11
4 - ((-1 - -3) + -9 + (5 - -8))
-2
What is 133 - 127 - (0 - -22 - (3 + -1))?
-14
Evaluate -3 + 2 + -22 + 11 - -10.
-2
Calculate 1 - (-18 - 1 - -14).
6
What is the value of (6 + -9 - 0) + 3 + -3?
-3
11 - 11 - (-1 + -3 + -7)
11
-112 - -115 - (0 + 6) - (4 + -1)
-6
31 + (-35 + -12 - -33)
17
6 + 15 + -4 + -8 - (2 + 24)
-17
Evaluate 3 + 3 + (-5 - 0) - (15 - 14).
0
Calculate 21 - ((3 - -2) + 1) - (0 + 4).
11
-29 - (-10 - 3) - -10
-6
-24 + (12 - 18 - -12)
-18
Calculate -74 + 83 - (10 - -1) - 6.
-8
What is (-2 - 0) + -6 - (-788 + 794)?
-14
What is the value of -5 - (44 - 23 - 12)?
-14
(-20 + (24 - 9) - 5) + 1
-9
1 - (35 + -32 - (-1 + 12) - 2)
11
Evaluate -8 + -4 - (-9 - -7).
-10
What is (39 - 19) + -8 + 2 + 1?
15
(-9 + 2 - -6) + (-7 + 36 - 5)
23
What is the value of 17 - (28 + -6) - 13?
-18
(7 - (8 - (8 + 0))) + -7
0
What is the value of -9 + 6 + -11 + 38?
24
Evaluate 8 - 0 - (10 - (13 - 1)) - 0.
10
-283 + 283 - (2 - 0 - 4)
2
What is (14 - -2) + -43 + 15?
-12
What is -4 + (6 - -9) - (-5 - -8) - -10?
18
Evaluate -19 + -15 + 6 - (2 + -2).
-28
Calculate 21 + (5 - (17 - 9)).
18
Evaluate -2007 + 2013 + (-1 - (-1 + -20)) - -6.
32
-10 - (-16 - -8) - -19
17
Evaluate -33 + (10 + 21 - 14).
-16
What is (-1 + 3 - (-5 - -33 - 12)) + -4?
-18
What is 0 + -10 - (-9 - (-6 - -7))?
0
-1 - (28 - 25 - (-1 - -2))
-3
-1 + 0 + 2 + -14 + 9 + -9
-13
What is (-18 - -1) + 275 + -266?
-8
Calculate 5 + -28 - (7 + -6 + -8 - 1).
-15
Calculate (-24 - (-60 + 11)) + -28.
-3
-7 - (-8 + -1 + 7)
-5
What is 2 + 3 + -1 + (3 - -4) + 3?
14
What is 17 - ((7 - -10) + -4)?
4
Calculate (1 - -1) + 6 - (4 - -4).
0
What is the value of (0 + 6 - 13 - -4) + -3 + 11?
5
What is -10 + (3 - -11) + (-4 - -12)?
12
Evaluate -26 + 21 + (-26 - -3 - -7).
-21
-14 + -2 + (15 - -16)
15
What is 0 + (-14 - -4) - (-15 + -1)?
6
(103 - 92) + 4 + 0 + 0
15
What is the value of (2 - 1) + -9 + -4 + 6?
-6
What is the value of 2 - (5 - 21) - 22?
-4
Evaluate -10 + (11 - (10 - 10)) - -9.
10
What is the value of 0 + -2 + -17 + (8 - (-11 - -18))?
-18
What is the value of -5 + (2 - (-3 - 6)) + 4?
10
What is the value of -13 + -15 + 47 + -10?
9
-14 + (-2 - -2 - (-2 + 11 + -11))
-12
(2 - 6) + (0 - 25) + -153 + 170
-12
(-12 - -8) + 31 + 5 - 1
31
What is the value of 5 - ((5 - 2 - 0) + 3)?
-1
(-2 - 1) + 0 + -5 - (0 - 0)
-8
Evaluate 4 + -12 - (-5 - (13 + -11)) - 13.
-14
Calculate -7 + (4 - 2 - -7) - 3 - 8.
-9
Evaluate (-13 - -12 - 6) + 12.
5
Calculate 0 - (-10 + 3) - (7 - (22 + -31)).
-9
What is -9 - -40 - (34 - 11)?
8
What is the value of (26 - 25) + 10 - (5 - 2)?
8
What is the value of -47 - -38 - (2 - (8 + -2)) - -15?
10
What is the value of 1 - -1 - 9 - (26 - (4 - -30))?
1
What is (8 - (4 - 5 - 2)) + (-2 - -8)?
17
-99 + 96 - (-11 + 1)
7
Calculate 1 - 0 - ((-55 - -71) + (-1 - -1)).
-15
Evaluate (-17 - -17 - 3 - 1) + 33.
29
2 + 3 + -13 - (-2 + -4)
-2
(-15 - 1) + (10 - (13 + 0 - 7))
-12
What is the value of 7 + 0 - (-11 - -8 - 9)?
19
1 - -1 - -1 - ((8 - 8) + -5)
8
What is (-3 - 9) + (11 + -8 - 8 - -11)?
-6
What is the value of 4 + (0 - (5 - 2) - (-119 + 117))?
3
Evaluate (-169 - -186) + (3 - 16).
4
-4 - -1 - -7 - (-53 - -80)
-23
Calculate -15 + -2 + -17 + 12 + -2.
-24
What is the value of (-9 - -2) + -8 + -4?
-19
Calculate 1 - (-1 + (10 - 5) + 6 + 2).
-11
-2 - 1 - ((-2 - 23) + (-8 - -16))
14
Evaluate 6 - (-4 + 0) - (6 - 0).
4
Calculate -11 - ((27 - 27) + 11).
-22
Calculate -9 + 11 + 1 + -12 - -18.
9
What is -5 - -1 - (-44 - -35)?
5
Calculate -25 - (-6 + (0 - 5)).
-14
Calculate -8 + -2 + 19 + 10.
19
Calculate 9 + -23 + -1 + 12 + (-1 - 0).
-4
Calculate 33 - ((-14 - -46) + -14).
15
What is the value of 28 - (29 - 22 - -29)?
-8
(5 - 10 - 4) + 6 + -3 - 9
-15
-1560 - -1529 - (-1 - 60)
30
What is the value of -204 - -175 - (1 - 19)?
-11
Evaluate 6 + (0 - (-11 - 5) -